{"id":138,"date":"2022-09-05T18:58:59","date_gmt":"2022-09-05T18:58:59","guid":{"rendered":"http:\/\/medanthro-dgekw.de\/?page_id=138"},"modified":"2022-11-09T19:23:15","modified_gmt":"2022-11-09T19:23:15","slug":"geschichte-des-netzwerkes","status":"publish","type":"page","link":"http:\/\/medanthro-dgekw.de\/en\/geschichte-des-netzwerkes\/","title":{"rendered":"Geschichte des Netzwerkes Gesundheit und Kultur in der volkskundlichen Forschung"},"content":{"rendered":"\n<h5>(zusammengestellt von Michael Simon)<\/h5>\n\n\n\n<h4>09\/1995<\/h4>\n\n\n\n<h5>Gr\u00fcndung des Netzwerkes&nbsp;<em>Gesundheit und Kultur in der volkskundlichen Forschung<\/em>&nbsp;auf dem 30. Deutschen Volkskundekongress in Karlsruhe auf Anregung von Jutta Dornheim, Osnabr\u00fcck, und Eberhard Wolff, Stuttgart (s. Bericht von Marita Metz-Becker in: dgv Informationen 104\/4 1995, S. 19f.)<\/h5>\n\n\n\n<h4>12\/1995<\/h4>\n\n\n\n<h5>Erscheinen der 1. Ausgabe der Brosch\u00fcre \u201eGesundheit und Kultur. Forschende, Projekte, Interessengebiete\u201d, hrsg. am Institut f\u00fcr Geschichte der Medizin der Robert Bosch Stiftung, Stuttgart, von Jutta Dornheim und Eberhard Wolff<\/h5>\n\n\n\n<h4>03\/1996<\/h4>\n\n\n\n<h5>1. Arbeitstreffen des Netzwerkes in Stuttgart (s. Bericht von Inke Deichmann in: dgv Informationen 105\/2, 1996, S. 4f.)<\/h5>\n\n\n\n<h4>09\/1997<\/h4>\n\n\n\n<h5>Treffen auf dem 31. Deutschen Volkskundekongress in Marburg<\/h5>\n\n\n\n<h4>03\/1999<\/h4>\n\n\n\n<h5>2. Arbeitstreffen des Netzwerkes in W\u00fcrzburg (s. die Berichte von Bettina Ke\u00df in: dgv Informationen 108\/3, 1999, S. 9, und in der Zeitschrift f\u00fcr Volkskunde 96\/1, 2000, S. 94-97)<\/h5>\n\n\n\n<h4>09\/1999<\/h4>\n\n\n\n<h5>Treffen auf dem 32. Deutschen Volkskundekongress in Halle 09\/1999 Erscheinen der 2. Ausgabe der Brosch\u00fcre \u201eGesundheit und Kultur. Forschende, Projekte, Interessengebiete\u201d<\/h5>\n\n\n\n<h4>03\/2000<\/h4>\n\n\n\n<h5>3. Arbeitstreffen des Netzwerkes in W\u00fcrzburg (s. Bericht von Gaby Reichel in: dgv Informationen 109\/2, 2000, S. 5), Ver\u00f6ffentlichung der Ergebnisse in dem Band \u201eK\u00f6rperlichkeit und Kultur\u201d, hrsg. von Rainer Alsheimer, Bremen 2001 (Volkskunde &amp; Historische Anthropologie 2)<\/h5>\n\n\n\n<h4>03\/2001<\/h4>\n\n\n\n<h5>4. Arbeitstreffen des Netzwerkes in W\u00fcrzburg (s. Bericht von Cornelia Brink in: Zeitschrift f\u00fcr Volkskunde 98\/1, 2002, S. 71-74), Ver\u00f6ffentlichung der Ergebnisse in dem Band \u201eK\u00f6rperlichkeit und Kultur 2001\u201d, hrsg. von Rainer Alsheimer, Bremen 2002 (Volkskunde &amp; Historische Anthropologie 5)<\/h5>\n\n\n\n<h4>09\/2001<\/h4>\n\n\n\n<h5>Treffen auf dem 33. Deutschen Volkskundekongress in Jena<\/h5>\n\n\n\n<h4>03\/2002<\/h4>\n\n\n\n<h5>5. Arbeitstreffen des Netzwerkes in W\u00fcrzburg (s. Bericht von Vera Kalitzkus in: Zeitschrift f\u00fcr Volkskunde 98\/2, 2002, S. 271-275), Ver\u00f6ffentlichung der Ergebnisse in dem Band \u201eK\u00f6rperlichkeit und Kultur 2002\u201d, hrsg. von Rainer Alsheimer, Bremen 2002 (Volkskunde &amp; Historische Anthropologie 8)<\/h5>\n\n\n\n<h4>03\/2003<\/h4>\n\n\n\n<h5>6. Arbeitstreffen des Netzwerkes in W\u00fcrzburg unter dem Titel \u201eK\u00f6rperbilder. Zur kulturellen Konstruktion von Normalit\u00e4t und Krankheit seit der Aufkl\u00e4rung\u201d mit Unterst\u00fctzung der Fritz Thyssen-Stiftung, K\u00f6ln (s. Bericht von Michael Simon in: Zeitschrift f\u00fcr Volkskunde 100\/2, 2004, S. 226-236); Ver\u00f6ffentlichung der Ergebnisse mit Unterst\u00fctzung der Fritz Thyssen-Stiftung, K\u00f6ln, in dem Band \u201eK\u00f6rperlichkeit und Kultur 2003. K\u00f6rperbilder\u201d, hrsg. von Rainer Alsheimer und Michael Simon, Bremen 2004 (Volkskunde &amp; Historische Anthropologie 9)<\/h5>\n\n\n\n<h4>10\/2003<\/h4>\n\n\n\n<h5>Treffen auf dem 34. Deutschen Volkskundekongress in Berlin<\/h5>\n\n\n\n<h4>3-4\/2004<\/h4>\n\n\n\n<h5>7. Arbeitstreffen des Netzwerkes in W\u00fcrzburg unter dem Titel \u201eInterdisziplin\u00e4re Medikalkulturforschung\u201d (s. die Berichte von Christiane Cantauw in: Zeitschrift f\u00fcr Volkskunde 100\/2, 2004, S. 236-239, und Rheinisch-westf\u00e4lische Zeitschrift f\u00fcr Volkskunde 49, 2004, 276-279); Ver\u00f6ffentlichung der Ergebnisse in dem Band \u201eK\u00f6rperlichkeit und Kultur 2004. Interdisziplin\u00e4re Medikalkulturforschung\u201d, hrsg. von Rainer Alsheimer und Roland Weibezahn, Bremen 2005 (Volkskunde &amp; Historische Anthropologie 10)<\/h5>\n\n\n\n<p class=\"has-small-font-size\">\u2192&nbsp;<a href=\"http:\/\/www.netzwerk-gesundheit-kultur.de\/2004details.html\">Details<\/a><\/p>\n\n\n\n<p class=\"has-small-font-size\">\u2192&nbsp;<a href=\"http:\/\/www.netzwerk-gesundheit-kultur.de\/2004call4papers.html\">Call for Papers<\/a><\/p>\n\n\n\n<p class=\"has-small-font-size\">\u2192&nbsp;<a href=\"http:\/\/www.netzwerk-gesundheit-kultur.de\/2004programm.html\">Programm<\/a><\/p>\n\n\n\n<h4>03\/2005<\/h4>\n\n\n\n<h5>8. Arbeitstreffen des Netzwerkes in W\u00fcrzburg unter dem Titel \u201eGeschichtliches, Normen, Methoden\u201d (s. Bericht von Nicholas Eschenbruch in: Zeitschrift f\u00fcr Volkskunde 101\/2, 2005, S. 251-257); Ver\u00f6ffentlichung der Ergebnisse in dem Band \u201eK\u00f6rperlichkeit und Kultur 2005. Geschichtliches, Normen, Methoden\u201d, hrsg. von Rainer Alsheimer und Roland Weibezahn, Bremen 2005 (Volkskunde &amp; Historische Anthropologie 12)<\/h5>\n\n\n\n<p class=\"has-small-font-size\">\u2192&nbsp;<a href=\"http:\/\/www.netzwerk-gesundheit-kultur.de\/2005details.html\">Details<\/a><\/p>\n\n\n\n<p class=\"has-small-font-size\">\u2192&nbsp;<a href=\"http:\/\/www.netzwerk-gesundheit-kultur.de\/2005call4papers.html\">Call for Papers<\/a><\/p>\n\n\n\n<p class=\"has-small-font-size\">\u2192&nbsp;<a href=\"http:\/\/www.netzwerk-gesundheit-kultur.de\/2005programm.html\">Programm<\/a><\/p>\n\n\n\n<h4>09\/2005<\/h4>\n\n\n\n<h5>Treffen auf dem 35. Deutschen Volkskundekongress in Dresden, Gestaltung eines Panels unter Leitung von Eberhard Wolff und Michael Simon<\/h5>\n\n\n\n<h4>04\/2006<\/h4>\n\n\n\n<h5>9. Arbeitstreffen des Netzwerkes in W\u00fcrzburg<\/h5>\n\n\n\n<p class=\"has-small-font-size\">\u2192&nbsp;<a href=\"http:\/\/www.netzwerk-gesundheit-kultur.de\/2006details.html\">Details<\/a><\/p>\n\n\n\n<p class=\"has-small-font-size\">\u2192&nbsp;<a href=\"http:\/\/www.netzwerk-gesundheit-kultur.de\/2006call4papers.html\">Call for Papers<\/a><\/p>\n\n\n\n<p class=\"has-small-font-size\">\u2192&nbsp;<a href=\"http:\/\/www.netzwerk-gesundheit-kultur.de\/2006programm.html\">Programm<\/a><\/p>\n\n\n\n<h4>04\/2007<\/h4>\n\n\n\n<h5><strong>10. Arbeitstreffen&nbsp;<\/strong>des Netzwerkes in W\u00fcrzburg<\/h5>\n\n\n\n<p class=\"has-small-font-size\">\u2192&nbsp;<a href=\"http:\/\/www.netzwerk-gesundheit-kultur.de\/2007details.html\">Details<\/a><\/p>\n\n\n\n<p class=\"has-small-font-size\">\u2192&nbsp;<a href=\"http:\/\/www.netzwerk-gesundheit-kultur.de\/2007call4papers.html\">Call for Papers<\/a><\/p>\n\n\n\n<p><\/p>\n\n\n\n<h5>F\u00fcr Fragen wenden Sie sich an Michael Simon oder Eberhardt Wolff.<\/h5>\n","protected":false},"excerpt":{"rendered":"<p>(zusammengestellt von Michael Simon) 09\/1995 Gr\u00fcndung des Netzwerkes&nbsp;Gesundheit und Kultur in der volkskundlichen Forschung&nbsp;auf dem 30. Deutschen Volkskundekongress in Karlsruhe auf Anregung von Jutta Dornheim,&hellip;<\/p>\n","protected":false},"author":1,"featured_media":0,"parent":0,"menu_order":0,"comment_status":"closed","ping_status":"closed","template":"","meta":[],"translation":{"provider":"WPGlobus","version":"3.0.1","language":"en","enabled_languages":["de","en"],"languages":{"de":{"title":true,"content":true,"excerpt":false},"en":{"title":false,"content":false,"excerpt":false}}},"_links":{"self":[{"href":"http:\/\/medanthro-dgekw.de\/en\/wp-json\/wp\/v2\/pages\/138"}],"collection":[{"href":"http:\/\/medanthro-dgekw.de\/en\/wp-json\/wp\/v2\/pages"}],"about":[{"href":"http:\/\/medanthro-dgekw.de\/en\/wp-json\/wp\/v2\/types\/page"}],"author":[{"embeddable":true,"href":"http:\/\/medanthro-dgekw.de\/en\/wp-json\/wp\/v2\/users\/1"}],"replies":[{"embeddable":true,"href":"http:\/\/medanthro-dgekw.de\/en\/wp-json\/wp\/v2\/comments?post=138"}],"version-history":[{"count":7,"href":"http:\/\/medanthro-dgekw.de\/en\/wp-json\/wp\/v2\/pages\/138\/revisions"}],"predecessor-version":[{"id":196,"href":"http:\/\/medanthro-dgekw.de\/en\/wp-json\/wp\/v2\/pages\/138\/revisions\/196"}],"wp:attachment":[{"href":"http:\/\/medanthro-dgekw.de\/en\/wp-json\/wp\/v2\/media?parent=138"}],"curies":[{"name":"wp","href":"https:\/\/api.w.org\/{rel}","templated":true}]}}

<h5>(zusammengestellt von Michael Simon)</h5>



<h4>09/1995</h4>



<h5>Gründung des Netzwerkes&nbsp;<em>Gesundheit und Kultur in der volkskundlichen Forschung</em>&nbsp;auf dem 30. Deutschen Volkskundekongress in Karlsruhe auf Anregung von Jutta Dornheim, Osnabrück, und Eberhard Wolff, Stuttgart (s. Bericht von Marita Metz-Becker in: dgv Informationen 104/4 1995, S. 19f.)</h5>



<h4>12/1995</h4>



<h5>Erscheinen der 1. Ausgabe der Broschüre „Gesundheit und Kultur. Forschende, Projekte, Interessengebiete”, hrsg. am Institut für Geschichte der Medizin der Robert Bosch Stiftung, Stuttgart, von Jutta Dornheim und Eberhard Wolff</h5>



<h4>03/1996</h4>



<h5>1. Arbeitstreffen des Netzwerkes in Stuttgart (s. Bericht von Inke Deichmann in: dgv Informationen 105/2, 1996, S. 4f.)</h5>



<h4>09/1997</h4>



<h5>Treffen auf dem 31. Deutschen Volkskundekongress in Marburg</h5>



<h4>03/1999</h4>



<h5>2. Arbeitstreffen des Netzwerkes in Würzburg (s. die Berichte von Bettina Keß in: dgv Informationen 108/3, 1999, S. 9, und in der Zeitschrift für Volkskunde 96/1, 2000, S. 94-97)</h5>



<h4>09/1999</h4>



<h5>Treffen auf dem 32. Deutschen Volkskundekongress in Halle 09/1999 Erscheinen der 2. Ausgabe der Broschüre „Gesundheit und Kultur. Forschende, Projekte, Interessengebiete”</h5>



<h4>03/2000</h4>



<h5>3. Arbeitstreffen des Netzwerkes in Würzburg (s. Bericht von Gaby Reichel in: dgv Informationen 109/2, 2000, S. 5), Veröffentlichung der Ergebnisse in dem Band „Körperlichkeit und Kultur”, hrsg. von Rainer Alsheimer, Bremen 2001 (Volkskunde &amp; Historische Anthropologie 2)</h5>



<h4>03/2001</h4>



<h5>4. Arbeitstreffen des Netzwerkes in Würzburg (s. Bericht von Cornelia Brink in: Zeitschrift für Volkskunde 98/1, 2002, S. 71-74), Veröffentlichung der Ergebnisse in dem Band „Körperlichkeit und Kultur 2001”, hrsg. von Rainer Alsheimer, Bremen 2002 (Volkskunde &amp; Historische Anthropologie 5)</h5>



<h4>09/2001</h4>



<h5>Treffen auf dem 33. Deutschen Volkskundekongress in Jena</h5>



<h4>03/2002</h4>



<h5>5. Arbeitstreffen des Netzwerkes in Würzburg (s. Bericht von Vera Kalitzkus in: Zeitschrift für Volkskunde 98/2, 2002, S. 271-275), Veröffentlichung der Ergebnisse in dem Band „Körperlichkeit und Kultur 2002”, hrsg. von Rainer Alsheimer, Bremen 2002 (Volkskunde &amp; Historische Anthropologie 8)</h5>



<h4>03/2003</h4>



<h5>6. Arbeitstreffen des Netzwerkes in Würzburg unter dem Titel „Körperbilder. Zur kulturellen Konstruktion von Normalität und Krankheit seit der Aufklärung” mit Unterstützung der Fritz Thyssen-Stiftung, Köln (s. Bericht von Michael Simon in: Zeitschrift für Volkskunde 100/2, 2004, S. 226-236); Veröffentlichung der Ergebnisse mit Unterstützung der Fritz Thyssen-Stiftung, Köln, in dem Band „Körperlichkeit und Kultur 2003. Körperbilder”, hrsg. von Rainer Alsheimer und Michael Simon, Bremen 2004 (Volkskunde &amp; Historische Anthropologie 9)</h5>



<h4>10/2003</h4>



<h5>Treffen auf dem 34. Deutschen Volkskundekongress in Berlin</h5>



<h4>3-4/2004</h4>



<h5>7. Arbeitstreffen des Netzwerkes in Würzburg unter dem Titel „Interdisziplinäre Medikalkulturforschung” (s. die Berichte von Christiane Cantauw in: Zeitschrift für Volkskunde 100/2, 2004, S. 236-239, und Rheinisch-westfälische Zeitschrift für Volkskunde 49, 2004, 276-279); Veröffentlichung der Ergebnisse in dem Band „Körperlichkeit und Kultur 2004. Interdisziplinäre Medikalkulturforschung”, hrsg. von Rainer Alsheimer und Roland Weibezahn, Bremen 2005 (Volkskunde &amp; Historische Anthropologie 10)</h5>



<p class="has-small-font-size">→&nbsp;<a href="http://www.netzwerk-gesundheit-kultur.de/2004details.html">Details</a></p>



<p class="has-small-font-size">→&nbsp;<a href="http://www.netzwerk-gesundheit-kultur.de/2004call4papers.html">Call for Papers</a></p>



<p class="has-small-font-size">→&nbsp;<a href="http://www.netzwerk-gesundheit-kultur.de/2004programm.html">Programm</a></p>



<h4>03/2005</h4>



<h5>8. Arbeitstreffen des Netzwerkes in Würzburg unter dem Titel „Geschichtliches, Normen, Methoden” (s. Bericht von Nicholas Eschenbruch in: Zeitschrift für Volkskunde 101/2, 2005, S. 251-257); Veröffentlichung der Ergebnisse in dem Band „Körperlichkeit und Kultur 2005. Geschichtliches, Normen, Methoden”, hrsg. von Rainer Alsheimer und Roland Weibezahn, Bremen 2005 (Volkskunde &amp; Historische Anthropologie 12)</h5>



<p class="has-small-font-size">→&nbsp;<a href="http://www.netzwerk-gesundheit-kultur.de/2005details.html">Details</a></p>



<p class="has-small-font-size">→&nbsp;<a href="http://www.netzwerk-gesundheit-kultur.de/2005call4papers.html">Call for Papers</a></p>



<p class="has-small-font-size">→&nbsp;<a href="http://www.netzwerk-gesundheit-kultur.de/2005programm.html">Programm</a></p>



<h4>09/2005</h4>



<h5>Treffen auf dem 35. Deutschen Volkskundekongress in Dresden, Gestaltung eines Panels unter Leitung von Eberhard Wolff und Michael Simon</h5>



<h4>04/2006</h4>



<h5>9. Arbeitstreffen des Netzwerkes in Würzburg</h5>



<p class="has-small-font-size">→&nbsp;<a href="http://www.netzwerk-gesundheit-kultur.de/2006details.html">Details</a></p>



<p class="has-small-font-size">→&nbsp;<a href="http://www.netzwerk-gesundheit-kultur.de/2006call4papers.html">Call for Papers</a></p>



<p class="has-small-font-size">→&nbsp;<a href="http://www.netzwerk-gesundheit-kultur.de/2006programm.html">Programm</a></p>



<h4>04/2007</h4>



<h5><strong>10. Arbeitstreffen&nbsp;</strong>des Netzwerkes in Würzburg</h5>



<p class="has-small-font-size">→&nbsp;<a href="http://www.netzwerk-gesundheit-kultur.de/2007details.html">Details</a></p>



<p class="has-small-font-size">→&nbsp;<a href="http://www.netzwerk-gesundheit-kultur.de/2007call4papers.html">Call for Papers</a></p>



<p></p>



<h5>Für Fragen wenden Sie sich an Michael Simon oder Eberhardt Wolff.</h5>

<p>(zusammengestellt von Michael Simon) 09/1995 Gründung des Netzwerkes&nbsp;Gesundheit und Kultur in der volkskundlichen Forschung&nbsp;auf dem 30. Deutschen Volkskundekongress in Karlsruhe auf Anregung von Jutta Dornheim,&hellip;</p>
